 = 6. Let t = l - 7. Let r = t + 8. What are the prime factors of r?
2
Suppose 0 = 5*w + 3*b - 43, 3*b - 7 = -3*w + 14. What are the prime factors of w?
11
Suppose -4*d + 16 = 2*t + t, 0 = -4*t - 2*d + 18. Suppose -160 = -3*l - j, -6*j + t*j - 157 = -3*l. What are the prime factors of l?
53
Let o(h) be the first derivative of -h**7/840 - h**5/40 - h**4/8 - h**3 + 2. Let j(m) be the third derivative of o(m). List the prime factors of j(-2).
11
What are the prime factors of 775/4 + (-4)/(-16)*-3?
193
Suppose 9*d - 816 = d. What are the prime factors of d?
2, 3, 17
Let i be 1*-6*1/(-1). Let q be (-2)/3 + (-212)/6. What are the prime factors of 20/i*q/(-15)?
2
Suppose 0 = -2*z + 2*o, -7 - 5 = -4*o. Suppose 3*y = -4*g + 69, -g + 7 = -z*y + 1. What are the prime factors of g?
3, 5
Suppose -25 = -5*z + 6*z. Let p = 45 + z. List the prime factors of p.
2, 5
List the prime factors of ((-44)/12*-3)/1.
11
Let w(b) = 17*b - 1. Let a be w(1). Suppose -2*p + a = 5*c, 4*c - 4 = -p + 7. Suppose 4*z = 3*u - 57 + 8, 3*z - 10 = -c*u. List the prime factors of u.
11
Suppose -2*v - 3*g + 93 = 0, v - 7*g - 74 = -3*g. List the prime factors of v.
2, 3
Suppose -3*f + 249 = -f + d, -2*d = 10. List the prime factors of f.
127
Suppose -2*m + 24 = -12. What are the prime factors of m?
2, 3
Let k(i) = i**2 + 4*i + 4. Let f(r) = -r**3 + 8*r**2 + r - 6. Let y be f(8). Suppose y*v - 7*v = -5, 2*x = -2*v - 8. What are the prime factors of k(x)?
3
Let f = 21 + -4. Suppose -3*r = -24 - 57. Let l = r - f. List the prime factors of l.
2, 5
Let z be (-4)/((-3)/((-60)/8)). List the prime factors of 22/55 + (-106)/z.
11
Let o = -13 - -17. Suppose m = -3*b + 29 + 25, -o*m + 160 = -2*b. What are the prime factors of m?
2, 3, 7
Let m(r) = -r**2 + 6*r - 3. List the prime factors of m(2).
5
Suppose f + 1130 = 6*f. What are the prime factors of f?
2, 113
Suppose -q - 7*q - 64 = 0. Let i(l) be the first derivative of -l**2 - 3*l - 1. List the prime factors of i(q).
13
Let i(h) = -9*h - 14. What are the prime factors of i(-8)?
2, 29
Let r(u) = -u**2 - 7*u - 2. Let x be r(-6). Suppose -2*y + 53 = d, -y + x*y - 72 = -4*d. What are the prime factors of y?
2, 7
Suppose -l - 35 = -c + 5*c, 0 = 5*c - 2*l + 34. Let o(h) = -h**3 - 8*h**2 + h + 11. Let t be o(c). Suppose -t*u - 15 = -8*u. List the prime factors of u.
3
Suppose -96 = 5*w - 3*w. List the prime factors of -5*(w/(-5))/(-3).
2
Let r be (24/14)/(1/7). What are the prime factors of (0 + -2)*(-66)/r?
11
Let p(w) = w**2 + 4. Let o be p(0). Suppose -2*q = o*b - 70, -3*b - 4*q + 3 = -37. List the prime factors of b.
2, 5
Suppose 3*b + 344 = 11*b. What are the prime factors of b?
43
What are the prime factors of 36 + (4 - 1) + 0?
3, 13
Suppose -10*x + 13*x = 441. What are the prime factors of x?
3, 7
Suppose 2*n = -3*a + 3*n - 5, -3*a - 29 = 5*n. Let t(u) = -u**3 - u**2 + 5*u + 4. List the prime factors of t(a).
7
Let t be 0*(3 - (-10)/(-4)). Suppose b + 3*q = -t*q + 18, 44 = 4*b - 2*q. Suppose 3*a + b = 7*a. What are the prime factors of a?
3
Let w(j) = -22*j**2 - j. Let n be w(1). Let i = n - -41. What are the prime factors of i?
2, 3
Let z = 57 + -35. Suppose -5*q + 255 = -5*n, -2*n + z + 72 = 2*q. List the prime factors of q.
7
Let f = 94 + 34. What are the prime factors of f?
2
Let l = -26 + 44. Suppose -2*i - 2*i = -c - 13, -31 = -4*i - 5*c. Suppose -2*a + i*x + x = -l, 3*a = 4*x + 34. What are the prime factors of a?
2, 7
Let n(g) = 5*g - 1. Let w be n(-3). List the prime factors of 10*1*w/(-4).
2, 5
Let m(w) = w**2 + 4*w. Let p be m(-2). What are the prime factors of ((-29)/p)/(1/4)?
29
Suppose 3*s - 14 = -f, -2 = -2*s + 3*f - 11. Let z be (4/6)/(2/s). List the prime factors of (9/(-5) + z)*-15.
2, 3
Suppose -3*w + 19 = 2*t, 0*w + 3*w - 27 = -3*t. List the prime factors of t.
2
Let m be -2 + 4*(-1)/(-2). Suppose m = g - 10 - 17. Suppose 4*u = u + g. What are the prime factors of u?
3
Suppose -4*h - 3 + 23 = 0. Let z be 2/3 - 37/(-3). Suppose -h*f - z = -58. List the prime factors of f.
3
Let n = -119 + 77. What are the prime factors of n*-1*1/3?
2, 7
Let a = 21 + 53. What are the prime factors of a?
2, 37
Let x be 3 + -3 + 36 - 0. Let w = x - 24. Suppose m - 5 - w = 0. List the prime factors of m.
17
Let i = 51 - 9. Suppose -5*t + i = 7. What are the prime factors of t?
7
Let y(p) = -p + 1. Let c(q) = -14*q**2 - 7*q + 6. Let j(w) = -c(w) + 5*y(w). List the prime factors of j(2).
59
Suppose -5*d - 3 = 5*y + 7, y + 4*d = -8. Suppose -4*a + y*a = -12. Suppose a*k - 1 = 5. What are the prime factors of k?
2
Suppose -2*o + 0*r = -2*r - 18, o - 4*r + 3 = 0. Let m be 1/3 + (-4)/(-6). Suppose 2*v + m = o. What are the prime factors of v?
2, 3
Let l be 12 - (1 - (1 - 2)). Let i = l - 3. List the prime factors of i.
7
Suppose -392 = -0*q - q + d, -d = 0. List the prime factors of q.
2, 7
Let r be -3*(-1 + (2 - 2)). Suppose -v = 5*s - 14, 5*s - 17 = r*v - v. List the prime factors of s.
3
Let p(o) = 16*o**2 + 2*o - 1. Suppose 0 = -2*r, t - 3 = -2*t + 3*r. List the prime factors of p(t).
17
Let o(l) = l**2 + 13*l + 14. Let d be o(-10). Suppose -4*t + 4 = c, c = -2*t - 0*t + 14. Let f = d + c. List the prime factors of f.
2
Suppose -43 = -3*s - 1. What are the prime factors of s?
2, 7
Let l(a) = 4*a**2 + 42*a - 15. List the prime factors of l(-11).
7
Suppose 0*q + 186 = -2*q. Let p = -51 - q. Suppose 32 = 3*j - a, -3*j + 3*a + p = -0*j. List the prime factors of j.
3
Suppose j + 4*r - 29 = 0, 0 = 2*j - 5*j - r + 76. What are the prime factors of j?
5
Suppose -1 - 11 = -4*r. What are the prime factors of r?
3
Let q(r) = 5*r + 13. What are the prime factors of q(4)?
3, 11
Suppose 4*x = -5*z + 55, 0 = -2*x + 5*x - z - 65. Suppose 0 = -3*f + 5*f + x. Let d = 18 + f. List the prime factors of d.
2
Let l = 12 - 14. Let m be 4 + (0 - (0 - -1)). List the prime factors of 17/m - l/6.
2, 3
Let a(l) = 4*l - 2. Let v be a(-2). Let b be (-11)/(-3) - v/(-15). Suppose -s = 5*w - 44, -4 = w - b*w + 3*s. List the prime factors of w.
2
Let o = 214 - 87. List the prime factors of o.
127
Let b(d) be the second derivative of -d**5/20 + 2*d**4/3 - d**3 - d**2 - 6*d. List the prime factors of b(6).
2, 17
Let k(y) = y**3 - 16*y**2 - y + 19. Let h be k(16). Suppose q = -h*q + 76. List the prime factors of q.
19
Suppose 4*z + 1 = -n - 3, n = -3*z - 2. Suppose n*o - 26 = 3*u, o - 3*o + 4*u + 8 = 0. What are the prime factors of o?
2
Let l = 87 + -29. List the prime factors of l.
2, 29
Let i = -526 + 871. What are the prime factors of i?
3, 5, 23
Suppose 791 = 3*f + 71. What are the prime factors of f?
2, 3, 5
Let s(q) = 65*q + 9. List the prime factors of s(2).
139
Let a(i) = 2 + 3*i + 1 - 5. Let k(s) = -s + 14. Let h be k(8). What are the prime factors of a(h)?
2
Let x = 14 + 30. What are the prime factors of x?
2, 11
Let x = -1 - -1. Suppose -12 = q + 2*q, x = -5*s - 4*q + 184. What are the prime factors of s?
2, 5
Let i be ((-28)/(-6))/((-2)/6). Let z = 21 + i. List the prime factors of z.
7
Suppose -5*u = 2*j - 195, 0*u - 5*u + 15 = 0. Suppose -4*b - x = -54, -2*x - j = -5*b - 29. Let v = b - -5. List the prime factors of v.
2, 3
Let k be (-1)/2 - (-3)/(-6). Let x(q) = -3*q**2 + 1 + 9*q**2 + 4*q - 4*q. List the prime factors of x(k).
7
Let i = 260 + -55. What are the prime factors of i?
5, 41
Let l be (-6)/6 + (-1)/(-1). Let f = 5 + l. Suppose -2*n - n = -5*m - 4, 0 = -4*n + f*m + 12. What are the prime factors of n?
2
Let h be 0/(-5)*1/(-1). Suppose -4*g = -z + 1, h = -2*z + g - 2 - 3. List the prime factors of 7 - 2/(z/3).
3
Let m = 15 + -7. Let n be -3*(m/(-3))/1. Suppose n*y = 3*y + 40. List the prime factors of y.
2
What are the prime factors of -6 + 4 - -5*15?
73
List the prime factors of ((-3)/2 - -1)/((-2)/76).
19
Suppose -3*a - 36 = -0. Let y be 2/(-3) + 13/(-3). Let p = y - a. List the prime factors of p.
7
What are the prime factors of 5/10*2*40?
2, 5
Let c = -4 + -14. List the prime factors of (7/(-3) + 2)*c.
2, 3
Suppose -4 = -4*h - 2*v, 5*h = v + 2*v - 17. Let x be (0 - 1)/(h/24). What are the prime factors of (-1 - 0)/((-6)/x)?
2
Let k = 0 + 10. Suppose 1 = -3*s + k. Suppose 2*x - 2 = 0, 0*r + 26 = s*r - x. List the prime factors of r.
3
Suppose 5*z + 28 = -3*j, -4*z - 28 = -j + 2*j. Let l = z + 15. List the prime factors of l.
7
What are the prime fac